ve t(3).
-5
Suppose 0 = -u + 5, -10 = 3*g - 5*u - 0*u. Let q(y) = y**2 + 8*y - 7. Let d be q(-9). Let m(z) = 5*z**2 + 5*z - z**3 - 5*z**2 + 4*z**d + 4. Give m(g).
4
Let v be (1 + -2)*12/(-3). Let a(o) = -o - 2. Let c(n) = -n - 1. Let j(m) = v*a(m) - 5*c(m). Calculate j(7).
4
Suppose 5 = -k - 4*k. Let l be (-20)/12*(k - 2). Let h(f) = -4 - 2 + f + l. Calculate h(-2).
-3
Let s(k) = k**3 - k**2 - k - 1. Let g(y) = 5*y + 3*y - 6 + 5*y**3 + 10 + 5*y**2 - 2*y. Let o(c) = -g(c) - 5*s(c). What is o(1)?
-10
Let t(u) = -7*u**2 - 2*u**2 - 13*u**3 + 4*u**2 + 6*u**2. Determine t(1).
-12
Let j = -44 - -42. Let p(s) = -2*s**3 - 3*s**2 - 2*s. Give p(j).
8
Let r(f) be the first derivative of -f**5/60 - f**4/12 - f**3/2 - f**2/2 + 3. Let b(k) be the second derivative of r(k). Let m = -8 + 5. Determine b(m).
-6
Let v(m) = 4*m + 45. Let p = 1 + -10. Let f(t) = 6 + 5 + t + 0. Let d(s) = p*f(s) + 2*v(s). What is d(-5)?
-4
Let d(w) be the first derivative of -w**4/4 - w**2/2 - w - 2. Let a(x) = 3*x**3 - 3*x**2 - 2*x + 6. Let u(b) = -a(b) - 2*d(b). Calculate u(3).
8
Let p(g) = -g**2 + 7*g + 6. Suppose 3*a + 6*a = 63. What is p(a)?
6
Let n(u) = -u**3 + u**2 + 1. Let m be n(0). Let v(q) = 6 + 2 + m - 1 + q. What is v(-6)?
2
Let z be (-3)/(3/5*-1). Suppose 0 = -3*o + 14 - z. Let i(p) = -p**2 - 4 + 4 - 4*p**2 + 5 - p**o. Give i(-4).
-11
Let d(o) be the third derivative of o**5/60 - o**4/12 - 2*o**3/3 + o**2. Suppose 0 = -8*i + 3*i, 0 = 2*k - i + 6. Determine d(k).
11
Let j(d) = 0 - d**3 - d**2 - 3*d - 5 + 1 + 7*d**2. Let f(n) = -n**3 + 2*n**2 + 4*n - 3. Let l be f(2). Give j(l).
6
Let l(j) = -4*j**3 + j - 1. Let i be (-2*1)/(12/(-6)). What is l(i)?
-4
Let a(p) = 7*p**2 + 2*p - 2. Let z(h) = 3*h**2 + h - 1. Let t(j) = -2*a(j) + 5*z(j). Calculate t(0).
-1
Let y(n) be the second derivative of n**4/12 - 5*n**3/6 - 3*n**2/2 - 8*n. Calculate y(5).
-3
Suppose 0 = 2*m - 31 + 21. Let a be (-2)/(-1) + -1 + 2. Let r(g) = 5 - g**2 - g - g**a + 2*g**2 + 4*g**2. Determine r(m).
0
Let t(d) = 6 + 4*d - d**2 - 5 + 0*d. Determine t(3).
4
Let u be 25/10 + 1/2. Let h(m) = -13*m + 8*m - m + u. What is h(2)?
-9
Let g(f) = 3 - f**3 + 2 + 7*f + 6*f**2 - 11 + 5. Calculate g(7).
-1
Let a(u) = 5 - 3*u - 2*u + 5*u + u. Determine a(-4).
1
Suppose -m - 3*m + 12 = 0. Suppose 3*t - 7*t = -2*r - 50, 3*t - m*r - 45 = 0. Suppose 4*y + t = -10. Let u(k) = k**3 + 5*k**2 + k + 2. Determine u(y).
-3
Suppose -14 + 40 = l. Let s(j) = 21*j - j**2 + l*j - 45*j - 1. Determine s(1).
0
Suppose -4*j = -5*k - 19, 0*j - 3*k - 21 = -4*j. Let p be (2/(-4))/((-12)/72). Let z(t) = j*t**2 + 2*t**3 - t + p - t**3 - 11. What is z(-6)?
-2
Let g = 3 - 0. Let z(f) = -2*f**2 + 4*f. Give z(g).
-6
Let v(r) = -3*r**3 - 25*r**2 - 18*r - 5. Let p(c) = 6*c + c**3 + 3*c**2 + 2*c**2 + 2 + 3*c**2. Let b(z) = 7*p(z) + 2*v(z). Calculate b(-5).
-1
Let v(m) be the second derivative of -m**5/20 - 7*m**4/12 - 4*m**3/3 - 9*m**2/2 - 2*m. Let d(q) = -q**3 - 7*q**2 + 8*q - 6. Let a be d(-8). Determine v(a).
3
Let x = 33 - 11. Suppose -x = 4*l - 3*b + 24, -3*l - 33 = -3*b. Let z = l + 18. Let t(j) = -j**3 + 4*j**2 + 5*j - 7. Determine t(z).
-7
Let n(v) = v**3 - 5*v**2 - 8*v + 8. Suppose s + 24 = 5*s. Determine n(s).
-4
Suppose -2*n = -2*y - 20, 8 + 26 = -3*y + 5*n. Let i(m) = m**3 + 9*m**2 + 8*m - 7. Calculate i(y).
-7
Let q(j) = -5*j**3 + j - 1. Let c be 26/7 - (-4)/14. Let d = c + 0. Suppose u - 2*u - 3 = d*v, 3*u - 2 = -v. Determine q(u).
-5
Let x(v) = -4*v**2 + v - 1. Let g(h) = 5*h**2 - 2*h + 2. Let p(l) = 2*g(l) + 3*x(l). Let o be p(1). Let j(u) = u**3 - u + 2. What is j(o)?
-4
Suppose 13*z = 6*z. Let y(w) = -w**3 + w**2 + 8. Calculate y(z).
8
Let x(h) be the second derivative of h**3/6 + 4*h**2 - 20*h. Give x(-8).
0
Let f(t) = -3*t - 4. Let x(a) = -a - 2. Let w(d) = 2*f(d) - 5*x(d). Calculate w(4).
-2
Let x(b) = -b**2 + 6*b - 4. Let p be x(5). Let c(w) = 3*w + 1 - 2*w + 4*w. Give c(p).
6
Let f(y) = 2*y**3 - 10*y**2 - 11*y - 6. Let r(n) = -3*n**3 + 19*n**2 + 21*n + 12. Let c(z) = -5*f(z) - 3*r(z). Let k be (-34)/6 - 2/6. What is c(k)?
6
Let k(f) = 3*f**2 - f + 2. Let u be -2*((-2 - -5) + -2). What is k(u)?
16
Let g(i) = i**3 + 9*i**2 + 2*i + 1. Let b(a) = 3*a**3 + 26*a**2 + 6*a + 3. Let v(j) = -6*b(j) + 17*g(j). Give v(-1).
-1
Let u(t) = t**2 - 6*t**2 + 4*t - 3*t + 2*t**3 - t**3. What is u(2)?
-10
Let c(a) = -3*a - 3. Let p(y) = y**3 - y**2 - y + 1. Let h be p(0). Let o(k) = h + 0 - 3 + 2*k - 4*k. Let v(t) = -5*c(t) + 7*o(t). Determine v(2).
3
Let s(v) = -v**3 + 4*v**2 + 2. Let b be s(4). Let j be -3 + -2 + 10 + -1. Let r(d) = -3 + d - j*d + 6 - d. What is r(b)?
-5
Let d(a) = -a**2 - 6*a - 9. Let x(n) = 1. Let t(w) = d(w) + 6*x(w). Let f = 27 - 41. Let i = -19 - f. Give t(i).
2
Suppose 0 = b - 1 - 5. Let q(l) = -2*l + 9. Determine q(b).
-3
Suppose 5*x - 8 = -c + 3, -3*c - 2*x = -7. Let o(k) be the second derivative of k**3 - 11*k + 2. What is o(c)?
6
Let i(s) = -s - 6. Suppose -21 = 4*x - 5. Let d = x + 0. Calculate i(d).
-2
Let n(b) = -b**3 + b**2 - b. Let j(i) = 3*i**3 - 6*i**2 - 2*i - 2. Let t(x) = -j(x) - 2*n(x). Suppose 3*o + o + 5*k - 40 = 0, -4*k - 9 = -5*o. Calculate t(o).
-3
Let v(m) = -3*m + 5. Let p(t) = -t + 2. Let q(c) = 7*p(c) - 2*v(c). Determine q(7).
-3
Let t(m) = m**3 + 5*m**2 - 6*m + 5. Let i be t(-6). Let g(v) = -3*v - 4*v + i*v + 0*v. Determine g(-4).
8
Let m(t) = -t**3 + 5*t**2 - t + 7. Let f be m(5). Let a(n) = 5*n**2 - 9 + 3 + f*n - 4*n**2. What is a(-5)?
9
Let d(l) be the first derivative of -l**3/3 + l**2 + 2*l - 12. What is d(-2)?
-6
Let k = 18 - 14. Let w(p) = p + k*p - 4*p + 3*p**2. Give w(-2).
10
Suppose 3*h = c + 12, 2*c + 3*h = c + 18. Let x(a) = -a**2 + 2*a - a - c + 5. Calculate x(3).
-4
Let n be ((-6)/8)/((-2)/8). Let u be 0/1*1/n. Let c(f) = f**2 + u*f**2 + 5 + 1. What is c(0)?
6
Let y(c) = -c**3 - 7*c**2 - 6*c + 2. Suppose -3*m - 15 = h, -4*m + 4*h = -8*m - 12. Determine y(m).
2
Let a(m) be the second derivative of m**3/6 + 2*m**2 - m. Calculate a(-5).
-1
Let z = 12 - 8. Let q be -2 + 15 - (0 - 1). Let y be z/6 + q/(-3). Let n(p) = -2*p - 2. Determine n(y).
6
Suppose 3*k - 6*k + 29 = 5*c, -6 = -2*k. Let p(q) = q**2 + 4*q - 5. Let r(l) = -2*l**2 - 4*l + 5. Let u(n) = -3*p(n) - 2*r(n). What is u(c)?
5
Let p = 15 + -20. Let x(v) be the second derivative of -v**3/3 - 7*v**2/2 + 4*v. Give x(p).
3
Let q(h) be the first derivative of h**2 - 3*h + 1. What is q(6)?
9
Let h(d) = -d - 6. Let f be h(0). Let m = -1 - f. Suppose -4*q - 4 + 8 = -2*g, -2*q + 26 = m*g. Let z(k) = -k**3 + 4*k**2 + k - 2. What is z(g)?
2
Let b(r) = 2*r**3 - r**2 + 2*r. Let k be b(1). Let x(q) be the first derivative of q**3/3 - q**2/2 + q - 1. Give x(k).
7
Suppose 0 = -3*j - 28 + 1. Let m(o) = -o**2 - 7*o + 12. Give m(j).
-6
Suppose 0 = -0*m + 5*m + 5*f - 55, -2*m = -3*f - 47. Suppose -4*s + 4*n + m = 8*n, -4*s + 4*n = -32. Let i(z) = z**3 - 7*z**2 + 6*z + 1. Give i(s).
1
Suppose h + 4 = -4*w - 2, 2*h + 5*w = -3. Let p(c) = -c**3 + 7*c**2 - 8*c - 3. Give p(h).
-15
Suppose 0*l = 3*b - 3*l + 6, -5*b = -l + 18. Suppose 0 = -2*y - t + 4, y - 3 = -3*t - 1. Let q(k) = -5 + 0*k + 2*k - 4*k**y + 5*k**2. What is q(b)?
3
Let u(j) = -j**2 - 10*j - 6. Let p(x) = 2*x**2 + 21*x + 12. Let c(w) = -6*p(w) - 13*u(w). Calculate c(-4).
6
Let f(d) = -d**2 - 7*d**2 - 10 - 12*d - 2*d**2. Let n(p) = 7*p**2 + 8*p + 7. Let x(j) = -5*f(j) - 7*n(j). Calculate x(-4).
1
Let b(i) = -3*i. Suppose 0 = x - 3. Suppose 4*u = y + 8, 3*y + x = 2*y - u. Let g = 6 + y. What is b(g)?
-6
Let h be (1 - 3) + (-24)/(-2). Let u(c) = c**2 - 11*c + 12. Let q be u(h). Let g(t) = 2*t + t**2 + q*t - 3*t - 2*t**2 - 2. Determine g(2).
-4
Let f(o) be the third derivative of -o**5/60 - o**4/6 + 5*o**3/6 + 2*o**2. Suppose 0*z - 3*z + 2 = 2*r, 0 = 4*r - 2*z + 28. Calculate f(r).
0
Let p(u) be the first derivative of u**2 + 8*u - 18. Give p(-9).
-10
Let c(v) = -v**3 + 6*v**2 - v + 8. Let j be c(6). Let q(h) = -4 + j*h - h**2 + 3*h - 6*h - 4*h. Calculate q(-3).
2
Let o(c) be the first derivative of c**4/4 + 2*c**3 + 7*c**2/2 + 5*c - 71. What is o(-5)?
-5
Let z(u) be the first derivative of -4*u - 1/6*u**3 + 0*u**2 - 2 + 1/6*u**4. Let n(o) be the first derivative of z(o). Give n(-1).
3
Let b(c) = -c**2 + 2*c + 4. Suppose 0 = 2*g + 4*x - 4, -3 - 12 = -4*g - x. What is b(g)?
-4
Suppose 0 = 4*n - 6*n